
Is 56 a factor of 3688?
False
Is 9 a factor of 76989?
False
Is 395 a multiple of 57?
False
Is 592 a multiple of 74?
True
Is 2971 even?
False
Does 41 divide 86?
False
Is 4 a factor of 41?
False
Is 115 a factor of 1965?
False
Does 8 divide 1471?
False
Does 32 divide 160?
True
Is 18 a factor of 28674?
True
Is 127 a factor of 8662?
False
Does 53 divide 3604?
True
Is 50 a multiple of 25?
True
Is 37 a factor of 2645?
False
Is 22356 a multiple of 69?
True
Does 15 divide 25426?
False
Is 44 a factor of 30863?
False
Is 20 a factor of 4980?
True
Is 7115 a multiple of 7?
False
Is 57 a multiple of 4?
False
Is 15 a factor of 10410?
True
Does 26 divide 2233?
False
Is 576 a multiple of 36?
True
Is 140 a factor of 32060?
True
Does 119 divide 5474?
True
Is 15 a factor of 12916?
False
Is 19170 a multiple of 45?
True
Is 52 a factor of 4368?
True
Is 8 a factor of 120?
True
Is 10 a factor of 16740?
True
Is 1577 a multiple of 7?
False
Is 137 a factor of 41374?
True
Does 415 divide 84141?
False
Does 36 divide 4390?
False
Is 14319 a multiple of 132?
False
Is 7291 a multiple of 12?
False
Is 58 a factor of 24893?
False
Is 61 a multiple of 3?
False
Does 72 divide 360?
True
Is 14 a factor of 21616?
True
Is 8558 a multiple of 39?
False
Is 11 a factor of 2156?
True
Is 6179 a multiple of 2?
False
Does 63 divide 5229?
True
Is 38 a factor of 856?
False
Is 24 a factor of 1968?
True
Does 4 divide 4?
True
Is 97 a factor of 834?
False
Is 3310 a multiple of 10?
True
Is 8 a factor of 1468?
False
Is 2886 a multiple of 62?
False
Is 129 a factor of 9933?
True
Is 34965 a multiple of 189?
True
Is 68 a factor of 612?
True
Is 244 a multiple of 9?
False
Is 10 a factor of 54371?
False
Does 54 divide 1242?
True
Does 41 divide 8303?
False
Is 142 a factor of 2272?
True
Does 57 divide 26486?
False
Is 18 a factor of 48060?
True
Does 7 divide 5349?
False
Is 23 a factor of 138?
True
Is 74 a factor of 19757?
False
Does 16 divide 1061?
False
Is 25 a factor of 550?
True
Is 944 a multiple of 4?
True
Does 224 divide 47018?
False
Is 10 a factor of 14721?
False
Is 25 a factor of 26990?
False
Is 91135 a multiple of 232?
False
Does 12 divide 2304?
True
Does 29 divide 2761?
False
Is 65 a factor of 5785?
True
Is 9528 a multiple of 36?
False
Is 39 a multiple of 13?
True
Is 7981 a multiple of 13?
False
Is 57 a factor of 399?
True
Is 2354 a multiple of 20?
False
Does 107 divide 14011?
False
Is 19 a factor of 590?
False
Is 26 a factor of 18408?
True
Is 1612 a multiple of 31?
True
Is 534 a multiple of 9?
False
Is 7 a factor of 6227?
False
Is 476 a multiple of 22?
False
Is 36 a factor of 2556?
True
Does 66 divide 3234?
True
Is 7 a factor of 77?
True
Is 102 a factor of 22461?
False
Is 5 a factor of 1070?
True
Is 1444 a multiple of 76?
True
Is 798 a multiple of 21?
True
Is 3 a factor of 496?
False
Does 54 divide 1214?
False
Does 11 divide 7898?
True
Does 15 divide 59790?
True
Does 122 divide 9278?
False
Is 59 a factor of 15930?
True
Does 119 divide 57880?
False
Is 1450 even?
True
Is 46 a factor of 666?
False
Does 12 divide 121982?
False
Is 1222 a multiple of 26?
True
Is 222 a multiple of 2?
True
Is 32 a factor of 2848?
True
Is 665 a multiple of 52?
False
Is 119 a factor of 17612?
True
Does 2 divide 478?
True
Is 74 a factor of 4365?
False
Is 2376 a multiple of 66?
True
Does 4 divide 2432?
True
Does 83 divide 4897?
True
Is 10 a factor of 524?
False
Does 131 divide 4647?
False
Is 22 a factor of 176?
True
Is 620 a multiple of 34?
False
Is 88 a factor of 61424?
True
Does 130 divide 10790?
True
Is 188 a multiple of 4?
True
Is 26 a factor of 910?
True
Does 22 divide 1210?
True
Is 528 a multiple of 48?
True
Is 46 a factor of 845?
False
Is 10694 a multiple of 19?
False
Does 5 divide 7342?
False
Is 9 a factor of 621?
True
Does 101 divide 4646?
True
Does 4 divide 160?
True
Is 28 a factor of 17446?
False
Does 35 divide 470?
False
Is 14196 a multiple of 14?
True
Does 70 divide 280?
True
Is 1387 a multiple of 73?
True
Is 467 a multiple of 18?
False
Is 154 a multiple of 7?
True
Does 6 divide 2231?
False
Is 35002 a multiple of 6?
False
Does 79 divide 7607?
False
Is 13 a factor of 60968?
False
Is 703 a multiple of 12?
False
Does 19 divide 627?
True
Is 10 a factor of 163?
False
Does 21 divide 819?
True
Does 28 divide 1400?
True
Does 10 divide 33420?
True
Is 3 a factor of 943?
False
Is 4 a factor of 2888?
True
Is 20 a factor of 3219?
False
Does 26 divide 1534?
True
Is 34 a factor of 2310?
False
Is 135436 a multiple of 14?
True
Does 25 divide 9200?
True
Is 128 a multiple of 8?
True
Is 44 a factor of 21984?
False
Does 64 divide 3520?
True
Is 49 a factor of 748?
False
Is 15 a factor of 600?
True
Does 103 divide 7725?
True
Does 10 divide 4053?
False
Is 92 a factor of 42504?
True
Is 90948 a multiple of 318?
True
Does 15 divide 10380?
True
Is 14 a factor of 25425?
False
Is 30 a factor of 2220?
True
Is 85543 a multiple of 13?
False
Does 6 divide 1164?
True
Is 6 a factor of 19?
False
Is 57 a factor of 684?
True
Is 1658 a multiple of 74?
False
Does 123 divide 85977?
True
Does 20 divide 6840?
True
Is 31 a factor of 316?
False
Does 89 divide 267?
True
Is 3321 a multiple of 123?
True
Is 142 a multiple of 71?
True
Is 36 a factor of 612?
True
Is 53 a factor of 4558?
True
Does 4 divide 6845?
False
Does 120 divide 8324?
False
Is 16434 a multiple of 19?
False
Is 15 a factor of 4410?
True
Is 84 a multiple of 7?
True
Is 35 a factor of 84?
False
Is 495 a multiple of 30?
False
Is 76 a factor of 6580?
False
Does 100 divide 102969?
False
Is 39524 a multiple of 19?
False
Is 1931 a multiple of 112?
False
Is 1250 a multiple of 25?
True
Is 14 a factor of 770?
True
Is 15 a factor of 12570?
True
Is 2626 a multiple of 13?
True
Does 241 divide 33499?
True
Is 10 a factor of 1063?
False
Does 98 divide 1510?
False
Is 1939 a multiple of 55?
False
Is 23766 a multiple of 137?
False
Does 56 divide 1736?
True
Is 1480 a multiple of 91?
False
Is 1368 a multiple of 19?
True
Is 4004 a multiple of 154?
True
Is 10759 a multiple of 151?
False
Is 105 a factor of 13390?
False
Does 2 divide 238?
True
Does 6 divide 294?
True
Is 4 a factor of 6415?
False
Is 104 a factor of 728?
True
Does 223 divide 34763?
False
Is 315 a multiple of 3?
True
Is 13 a factor of 10101?
True
Does 58 divide 878?
False
Is 76 a multiple of 19?
True
Is 10012 a multiple of 17?
False
Is 18 a factor of 1279?
False
Is 12 a factor of 2349?
False
Is 635 a multiple of 13?
False
Is 114 a multiple of 19?
True
Is 716 a multiple of 15?
False
Is 28 a factor of 13804?
True
Is 365 a multiple of 40?
False
Is 7 a factor of 371?
True
Is 256 a factor of 12869?
False
Is 9216 a multiple of 150?
False
Is 127 a factor of 2312?
False
Is 13 a factor of 1534?
True
Is 1848 a multiple of 56?
True
Does 19 divide 15865?
True
Is 21 a factor of 148?
False
Is 190 a multiple of 3?
False
Is 56 a factor of 833?
False
Does 5 divide 2815?
True
Does 14 divide 38612?
True
Is 120 a factor of 10320?
True
Does 47 divide 93389?
True
Is 34 a factor of 5474?
True
Does 46 divide 1784?
False
Is 38 a factor of 395?
False
Is 5 a factor of 1620?
True
Does 4 divide 26689?
False
Does 106 divide 5583?
False
Is 4852 a multiple of 26?
False
Is 3 a factor of 553?
False
Does 14 divide 256?
False
Is 6127 a multiple of 70?
False
Is 3 a factor of 867?
True
Does 13 divide 2951?
True
Is 1090 a multiple of 12?
False
Is 1327 a multiple of 4?
False
Does 13 divide 10413?
True
Is 7 a factor of 470?
False
Is 12 a factor of 7517?
False
Is 3510 a multiple of 54?
True
Is 47 a factor of 753?
False
Does 241 divide 27522?
False
Is 169 a factor of 5392?
False
Is 517 a multiple of 13?
False
Does 22 divide 88?
True
Does 14 divide 9422?
True
Is 182 a multiple of 3?
False
Is 1995 a multiple of 35?
True
Does 25 divide 19950?
True
Is 626 a multiple of 31?
False
Does 145 divide 2030?
True
Is 2869 a multiple of 63?
False
Is 12 a factor of 44150?
False
Is 224 a multiple of 99?
False
Does 19 divide 81?
False
Does 119 divide 4879?
True
Is 17 a factor of 459?
True
Is 87596 a multiple of 13?
False
Is 1363 a multiple of 25?
False
Is 27555 a multiple of 9?
False
Is 4876 a multiple of 58?
False
Is 14520 a multiple of 30?
True
Is 46 a factor of 17572?
True
Is 126 a multiple of 9?
True
Is 923 a multiple of 3?
False
Does 20 divide 135?
False
Is 62400 a multiple of 40?
True
Does 21 divide 2894?
Fals